hat is the thousands digit of 1440384?
0
What is the ten millions digit of 15267936?
1
What is the millions digit of 1890918?
1
What is the ten thousands digit of 975905?
7
What is the hundred thousands digit of 148585?
1
What is the hundred thousands digit of 6905847?
9
What is the hundred thousands digit of 4746681?
7
What is the hundred thousands digit of 633916?
6
What is the hundred thousands digit of 6766623?
7
What is the hundreds digit of 395743?
7
What is the thousands digit of 3802737?
2
What is the hundred thousands digit of 15258649?
2
What is the hundreds digit of 1766214?
2
What is the ten thousands digit of 76309?
7
What is the units digit of 2412557?
7
What is the hundreds digit of 412218?
2
What is the hundred thousands digit of 172158?
1
What is the units digit of 78648?
8
What is the millions digit of 28535072?
8
What is the tens digit of 12069168?
6
What is the ten thousands digit of 858117?
5
What is the millions digit of 5916996?
5
What is the ten thousands digit of 10402233?
0
What is the millions digit of 13501568?
3
What is the units digit of 1272672?
2
What is the thousands digit of 3505825?
5
What is the units digit of 586132?
2
What is the ten millions digit of 29061811?
2
What is the hundreds digit of 648425?
4
What is the hundreds digit of 1909712?
7
What is the hundreds digit of 17115220?
2
What is the tens digit of 1406280?
8
What is the hundred thousands digit of 285263?
2
What is the ten thousands digit of 196945?
9
What is the millions digit of 1996427?
1
What is the units digit of 599646?
6
What is the units digit of 1825794?
4
What is the tens digit of 12028774?
7
What is the units digit of 467799?
9
What is the thousands digit of 163517?
3
What is the units digit of 124670?
0
What is the tens digit of 1734371?
7
What is the tens digit of 812549?
4
What is the ten thousands digit of 7902057?
0
What is the hundreds digit of 1713016?
0
What is the ten thousands digit of 363754?
6
What is the tens digit of 753?
5
What is the hundred thousands digit of 226866?
2
What is the units digit of 1087865?
5
What is the tens digit of 124334?
3
What is the thousands digit of 15036?
5
What is the ten thousands digit of 19973787?
7
What is the millions digit of 2517859?
2
What is the millions digit of 1236414?
1
What is the ten thousands digit of 509626?
0
What is the hundreds digit of 101845?
8
What is the tens digit of 342907?
0
What is the hundred thousands digit of 18664492?
6
What is the ten thousands digit of 422133?
2
What is the thousands digit of 7125477?
5
What is the tens digit of 23735024?
2
What is the millions digit of 5706472?
5
What is the ten millions digit of 13187840?
1
What is the thousands digit of 5350?
5
What is the ten millions digit of 27416903?
2
What is the ten thousands digit of 992850?
9
What is the hundreds digit of 61204?
2
What is the ten thousands digit of 257364?
5
What is the tens digit of 950504?
0
What is the ten millions digit of 10707024?
1
What is the units digit of 292418?
8
What is the ten thousands digit of 465467?
6
What is the hundred thousands digit of 10850201?
8
What is the tens digit of 13700862?
6
What is the tens digit of 177264?
6
What is the hundreds digit of 144075?
0
What is the tens digit of 1868813?
1
What is the hundred thousands digit of 25118618?
1
What is the thousands digit of 576676?
6
What is the ten thousands digit of 578682?
7
What is the hundred thousands digit of 6603377?
6
What is the ten thousands digit of 242014?
4
What is the units digit of 4507371?
1
What is the hundreds digit of 74074?
0
What is the millions digit of 5580962?
5
What is the ten thousands digit of 3549849?
4
What is the hundreds digit of 6237838?
8
What is the units digit of 28333?
3
What is the ten thousands digit of 16709316?
0
What is the thousands digit of 560872?
0
What is the hundreds digit of 355819?
8
What is the ten thousands digit of 14329439?
2
What is the units digit of 21547231?
1
What is the hundreds digit of 15720760?
7
What is the tens digit of 878836?
3
What is the tens digit of 64236?
3
What is the millions digit of 1050862?
1
What is the hundreds digit of 26954700?
7
What is the units digit of 865266?
6
What is the hundreds digit of 7973960?
9
What is the hundred thousands digit of 10938803?
9
What is the thousands digit of 929425?
9
What is the units digit of 5042018?
8
What is the units digit of 1005933?
3
What is the thousands digit of 2793162?
3
What is the hundred thousands digit of 1586540?
5
What is the tens digit of 1661151?
5
What is the hundreds digit of 464416?
4
What is the ten thousands digit of 6921990?
2
What is the millions digit of 6606553?
6
What is the hundred thousands digit of 1194085?
1
What is the ten thousands digit of 7261791?
6
What is the tens digit of 16713235?
3
What is the tens digit of 1998058?
5
What is the millions digit of 2436128?
2
What is the millions digit of 1377037?
1
What is the hundred thousands digit of 19532667?
5
What is the thousands digit of 814573?
4
What is the ten thousands digit of 736089?
3
What is the thousands digit of 201962?
1
What is the ten thousands digit of 1297655?
9
What is the tens digit of 20685337?
3
What is the hundred thousands digit of 746427?
7
What is the hundreds digit of 904864?
8
What is the ten thousands digit of 1322476?
2
What is the units digit of 3234883?
3
What is the units digit of 11738220?
0
What is the units digit of 14057477?
7
What is the ten thousands digit of 20187161?
8
What is the hundred thousands digit of 4104619?
1
What is the ten millions digit of 13320364?
1
What is the tens digit of 1727204?
0
What is the tens digit of 130229?
2
What is the ten thousands digit of 8783039?
8
What is the thousands digit of 351190?
1
What is the tens digit of 501734?
3
What is the units digit of 3872361?
1
What is the millions digit of 1925930?
1
What is the ten thousands digit of 2193219?
9
What is the units digit of 776291?
1
What is the ten thousands digit of 406802?
0
What is the hundreds digit of 3705730?
7
What is the ten thousands digit of 13640?
1
What is the tens digit of 277956?
5
What is the millions digit of 7493054?
7
What is the ten millions digit of 17040660?
1
What is the thousands digit of 133050?
3
What is the tens digit of 526888?
8
What is the tens digit of 5539357?
5
What is the hundred thousands digit of 1829810?
8
What is the units digit of 507494?
4
What is the hundred thousands digit of 653026?
6
What is the units digit of 23533?
3
What is the units digit of 371152?
2
What is the ten thousands digit of 51906?
5
What is the tens digit of 5657207?
0
What is the units digit of 212763?
3
What is the hundred thousands digit of 129145?
1
What is the tens digit of 162070?
7
What is the ten thousands digit of 1233282?
3
What is the hundreds digit of 414742?
7
What is the hundreds digit of 3652514?
5
What is the hundred thousands digit of 1069725?
0
What is the units digit of 149201?
1
What is the tens digit of 8872762?
6
What is the units digit of 433479?
9
What is the ten thousands digit of 2337436?
3
What is the units digit of 12927361?
1
What is the thousands digit of 100319?
0
What is the tens digit of 27811499?
9
What is the tens digit of 1996891?
9
What is the hundreds digit of 9237751?
7
What is the units digit of 825326?
6
What is the hundreds digit of 2337231?
2
What is the tens digit of 496937?
3
What is the tens digit of 9097606?
0
What is the tens digit of 259683?
8
What is the millions digit of 3136251?
3
What is the ten thousands digit of 3336179?
3
What is the units digit of 3502661?
1
What is the units digit of 328671?
1
What is the thousands digit of 392297?
2
What is the ten thousands digit of 146467?
4
What is the units digit of 2898713?
3
What is the ten thousands digit of 11103541?
0
What is the units digit of 162788?
8
What is the millions digit of 3579581?
3
What is the ten thousands digit of 1741262?
4
What is the thousands digit of 82427?
2
What is the thousands digit of 1134207?
4
What is the tens digit of 1604102?
0
What is the tens digit of 2306209?
0
What is the units digit of 313832?
2
What is the thousands digit of 2654111?
4
What is the hundred thousands digit of 639739?
6
What is the hundreds digit of 15597565?
5
What is the units digit of